- -6))
-1
Evaluate 12 + -17 + -2 - -13.
6
What is the value of (-4 - (4 + -5)) + 6?
3
What is (-6 - -8 - -2) + -10?
-6
What is the value of 3 - (-5 + 4 + 2)?
2
What is -3 + (10 - (9 - 5)) + -6?
-3
What is the value of 18 - 24 - (2 - 8)?
0
Calculate (7 - -5) + (4 - 13).
3
What is -13 - -14 - (-1 - (3 + 1))?
6
(-3 - -7) + -4 + (-4 - 0)
-4
Evaluate -2 + (-2 - -3) + -1.
-2
What is the value of -7 + (4 + 3 - 4)?
-4
What is 2 + -6 - 4 - -5?
-3
Evaluate (0 - 2) + (9 - 15).
-8
What is the value of 23 + 6 + -9 + -14?
6
What is the value of -6 - (-3 + (0 - 5)) - 1?
1
Evaluate (-1 - 1 - (-10 + 8)) + -1.
-1
What is 12 - 10 - ((5 - 6) + 7)?
-4
Calculate -2 - (3 + -5 + 2 + 0).
-2
What is the value of 2 + (-4 - (-4 + 7))?
-5
What is the value of -1 - ((-2 - -1) + -9 + 6)?
3
-2 + 0 - (38 - 43)
3
Calculate -8 + (3 - 1 - (5 - 7)).
-4
What is the value of 5 + (-4 - 0) - 0?
1
What is the value of 12 - (7 + (-6 - 0) + 3)?
8
(-4 - 5) + 11 - -2
4
Calculate -7 - (-6 - -6 - -3).
-10
Calculate (-2 - 1) + -4 + -6 + 15.
2
Evaluate (2 - 0) + (1 - 4) + -4.
-5
What is the value of -4 + 7 + (7 - 1 - 2)?
7
Evaluate (-5 - 5) + 7 + 3.
0
-8 + 7 + (-2 - -6)
3
Evaluate -3 + (-10 - -3) - -7.
-3
-3 + (2 - -2) + 0
1
What is -2 - (-3 - -5 - 3)?
-1
What is 0 - 1 - 1 - (21 + -30)?
7
What is 19 + -28 - (2 + -4)?
-7
(1 - 0) + (-26 - -30)
5
What is -5 - (4 + -13) - (0 - -8)?
-4
What is the value of -16 + 18 + -3 + (1 - 3)?
-3
What is the value of (-74 - -80) + -6 + 2 + 0?
2
-9 + 13 + -7 + -3
-6
-20 + 13 - (-9 + 2)
0
5 - (4 + 1 - 0 - -6)
-6
4 - (7 - 3) - (1 - -2)
-3
What is 1 + 1 + -3 + -2?
-3
Evaluate 12 - 14 - (-1 + 0) - -3.
2
What is the value of 9 + (-9 + 15 - 6)?
9
What is (3 - 2 - -3) + (6 - 8)?
2
What is the value of (-6 + (-5 - -16) - 5) + 2?
2
What is the value of 2 - (1 - 1 - -1)?
1
Calculate -12 - (2 + -21 + 6 + 5).
-4
Calculate 2 + 1 + -4 - (-6 - 0).
5
Calculate 149 + -148 + (0 + 0 - -1).
2
Evaluate (-1 - 0) + (6 - 2).
3
Evaluate (67 - 63) + 4 + -1.
7
Evaluate 2 + -12 - (29 - 37).
-2
Calculate (2 - 0) + (5 - (-1 + 4)).
4
Calculate -12 - (-5 + (-2 - 0)).
-5
Evaluate (-8 - -3) + 1 + 5.
1
-2 - -4 - (-5 + (5 - 3))
5
Evaluate (-3 - -6) + 2 + 1.
6
What is -4 + 5 + -2 + -1?
-2
-4 + 3 + 5 + -4
0
What is 1 + (-6 - -10 - 0)?
5
What is the value of 3 - 3 - (7 + -5)?
-2
What is 0 - 8 - (9 - 23)?
6
Evaluate 13 + -11 + -4 + 2 + 4.
4
What is the value of -3 - ((6 - 1) + -4 + 1)?
-5
Calculate -3 - (-9 + 5) - (1 + 2).
-2
Evaluate -3 + (-4 - -5) + -2 + 1.
-3
What is 1 - (2 - (7 + -3))?
3
What is the value of -4 + -1 + 5 + 4?
4
What is 2 + -14 - -4 - -11?
3
Evaluate -1 + 0 + 40 + -35.
4
What is the value of (7 - 8) + -5 + (1 - 0)?
-5
What is the value of -2 + -3 - (7 + -4 + 0)?
-8
Evaluate 8 - 0 - (4 + 1).
3
Calculate (-12 - (1 + -9)) + (10 - 0).
6
Evaluate -2 + 9 - (12 + -2).
-3
Evaluate (0 - 6) + -9 + 18.
3
Calculate (0 - 1) + 1 + 0.
0
Calculate (-1 - 1) + 0 + -12 + 9.
-5
What is 1 + (-12 - (0 - 7))?
-4
What is -11 - ((-6 - -1) + -6)?
0
Evaluate -2 - 1 - (5 - 6).
-2
Calculate 9 + -6 - (-3 + 5).
1
What is 0 - -7 - (-5 - (-15 + -5))?
-8
What is the value of 7 - 12 - (-1 - 0 - 7)?
3
-3 + (0 - -2) + -3
-4
Calculate 7 + (-4 - -3) + (0 - 2).
4
Calculate 3 - ((0 - 1) + -3 + 3).
4
What is -7 + -1 + (-5 - (-8 + 2))?
-7
Evaluate 4 + 2 + -6 + 0.
0
Calculate (-1 - (2 - 1)) + (-4 - -7).
1
Calculate 15 + (-6 - 0 - 1).
8
Evaluate (3 - 2 - 2) + 3.
2
Calculate -6 - (-1 - (4 + -2 - 2)).
-5
What is the value of -4 - (-2 - (-5 + 3))?
-4
What is 3 - (-14 - (-23 - -12))?
6
What is the value of (-3 - -18) + 7 + -12?
10
What is the value of -3 + 2 + (-4 - -3) + 6?
4
-9 + 12 + (-2 - 4)
-3
What is the value of 16 + -2 - 5 - (5 + 0)?
4
-5 - ((-3 - 0) + 1)
-3
Calculate 3 - (3 + -4 + 3).
1
Calculate 4 + -14 + -5 + 5.
-10
Calculate 4 + (7 - 14) - (-1 + 0).
-2
-1 + 2 + (2 - (3 + 0))
0
What is the value of 6 - (1 - -6) - (-2 + 8)?
-7
What is 3 - (3 + 0 + -2)?
2
What is -1 + 4 - (0 - 1)?
4
Calculate -10 - (1 + -4 - 2) - 1.
-6
(0 - (-5 - -4)) + -1 + 4
4
Calculate -8 + 11 + -2 + -1.
0
Evaluate -9 - (-3 + -5 + 4 - 0).
-5
What is the value of (2 - 1) + -1 + (-2 - -3)?
1
What is the value of -6 + 6 + (3 - 0)?
3
Evaluate -7 - (-1 + (0 - 4)).
-2
Calculate (1 - -2) + 2 + -4.
1
Evaluate 9 - (8 + -2 + -5).
8
8 - 2 - (14 + -9 + 1)
0
What is the value of 0 - (-2 + -2 - 0)?
4
Calculate -3 + 19 - (7 + -1).
10
What is the value of 2 + 4 + 0 + (-9 - -2)?
-1
What is the value of -4 - (3 + -7 + 0 + 3)?
-3
What is the value of -2 + (0 + -3 - (0 - 1))?
-4
What is the value of 6 + (-4 - 0) + 1 + -2?
1
Calculate -4 - ((-3 - -3) + 6 + -13).
3
What is the value of (-2 - 0) + -7 + 11?
2
What is -17 - -12 - (-5 - (-4 - -2))?
-2
What is -13 + (-1 - -8) + 11?
5
(18 - 21 - (2 + -9)) + 2
6
Calculate -8 + 6 + (8 - 7).
-1
Calculate 2 + -5 - -2 - (-6 + 5).
0
What is -3 + 1 + (8 - 4)?
2
Evaluate 6 + -6 - (-2 + 2 - 0).
0
Evaluate (-1 - (2 + -7)) + -6.
-2
What is the value of 0 + 6 + -5 + -6?
-5
0 - (-1 - (5 + (1 - 7)))
0
What is -6 - (2 - 8) - (-3 - 1)?
4
What is -13 + 16 + (-2 - 4)?
-3
Calculate -11 - -1 - (-5 - 2).
-3
Evaluate -12 + -2 + (-23 - -32).
-5
-13 + 8 + 4 + 9 + -1
7
What is the value of 14 + -6 + -4 + 3 - 7?
0
Calculate 0 + 4 + 1 + -2.
3
Calculate 0 + -7 - (1 - 11).
3
What is 1 - 0 - (10 + -14 + 11)?
-6
2 + -2 - (-3 + -2) - 4
1
Calculate -2 - (5 + -7 + -4).
4
What is -7 + (-2 - -3 - -4)?
-2
Evaluate 2 + (-3 - (-4 + 1)) + -3.
-1
What is -2 + 0 - (-8 - -1)?
5
What is -6 - (-1 + 0) - (1 + -3)?
-3
What is the value of -2 + 1 + (2 - 4)?
-3
Calculate -13 - (6 + -11 - 0).
-8
What is the value of -6 - (-3 + -5 + -3)?
5
Evaluate (-1 - -9) + -3 + 1.
6
What is -6 + -4 + (5 - (-3 + -1))?
-1
3 - (-2 + -1 - -4)
2
Calculate 3 + -5 + 3 + 2 + 0.
3
What is -2 + 2 - (-3 - (2 + -6))?
-1
What is the value of -1 - (1 - (8 - 9)) - -1?
-2
Evaluate (4 - 11 - -5) + 7.
5
Calculate 2 + (-3 - -1) + -1.
-1
Evaluate 15 + -10 + 0 - (0 + 3).
2
What is 8 + 0 + -14 + 2 + -3?
-7
What is the value of 14 + -11 + 13 + -9?
7
What is the value of (0 - -2) + -2 - (9 + -10)?
1
Evaluate (4 + 18 - 11) + -6 + 1.
6
What is the value of (-9 + 3 - -3) + 1?
-2
Evaluate (-1 - (-9 - -1)) + -2.
5
What is -4 - (-6 + -1 + 3)?
0
Calculate (-6 - -5 - -5) + -4.
0
Calculate (2 - 1) + -11 + 12.
2
18 - 12 - (-2 + 1 + 3)
4
What is the value of (7 - 2) + 8 + -19?
-6
-1 - (1 - (7 - 9))
-4
Evaluate (0 - -2) + -8 + 6.
0
Evaluate -4 + (-5 - -2) + 0 + 1.
-6
What is the value of 7 + -2 + 1 - 3?
3
Evaluate -4 + (-5 - -6) - (1 - 8).
4
Evaluate (5 - 2) + (-17 - -8) + 4.
-2
What is the value of -5 + 8 + (-3 - 5) + 1?
-4
Calculate 3 + -1 + 1 + (1 - 2).
2
-7 - (-5 - (9 - 11))
-4
Calculate 0 + 17 - (-66 - -77).
6
What is (7 + -3 - (2 - -1)) + 2?
3
What is the value of -5 - (1 - (2 - -4 - 3))?
-3
Evaluate 2 + (8 - (-3 + -5 + 12)).
6
What is -5 + (-3 - 0) + (1 - -2)?
-5
What is -8 + 2 + (-1 - -9) + -5?
-3
Calculate (-2 - 6 - (-3 - -1)) + 1.
-5
What is the value of (-4 + -2 - (4 + -10)) + -7?
-7
Calculate 15 - (6 - -1) - 15.
-7
What is the value of 6 - (16 + 3 - 5)?
-8
What is (-6 - -10) + -2 - -2?
4
What is -3 + 1 + -5 + (16 - 5)?
4
What is the value of (4 - (0 - 0)) + -1 + -4?
-1
What is the value of -10 - -15 - (2 + 4)?
-1
What is 7 + -3 - (2 - (-1 + 0))?
1
What is 10 + (9 - (13 + 4))?
2
Evaluate (-10 - -6 - 0) + 7 - -1.
4
Evaluate 11 - 4 - (-1 + -4 + 5).
7
4 + (6 + -12 - (-2 - -4))
-4
-8 - (5 + -4 + -5)
-4
Evaluate (-5 - -4) + 1 + 9 + -3.
6
Evaluate 0 + -1 + (1 - -1).
1
What is the value of 22 - 10 - (11 - -2)?
-1
(12 - (7 - -1)) + 1 + 5
10
What is (1 + -5 - -6) + 2?
4
What is 3 + (-1 - (-2 - -6))?
-2
What is 0 - (-7 + 3) - (4 - 1)?
1
What is -1 + (-3 - -5) + 3 + -2?
2
Calculate 3 + (2 - (0 + 1) - 1).
3
What is the value of (-4 - -1) + 10 + -17 + 10?
0
What is -8 + -10 + 21 + 6?
9
Calculate 9 - 12 - (4 - 11).
4
Calculate 0 - 0 - (9 + -13).
4
-4 + 9 + -14 - -7
-2
What is the value of -1 + (4 - -2 - 5)?
0
Calculate (-5 - 0) + (14 - 12) + 0.
-3
Calculate 17 - 15 - (1 - (-1 + -5)).
-5
Evaluate -2 + -3 - (-2 + -2) - 1.
-2
What is (-8 - (5 + -10)) + 4?
1
What is the value of -2 + 5 + -2 + 0?
1
What is the value of (0 - 0) + 3 + (-2 - 5)?
-4
-15 - (-22 + 7) - (0 + -2)
2
What is (1 - 3 - (4 - 3)) + 2?
-1
Calculate 1 - -1 - (-4 - (3 - 7)).
2
What is 4 + (-2 - (-2 - 1))?
5
Evaluate -14 - -16 - (-3 + 0) - -1.
6
What is -4 + (0 - 